?
5
What is the hundreds digit of 1524149?
1
What is the tens digit of 991111?
1
What is the units digit of 316458?
8
What is the ten thousands digit of 9893237?
9
What is the hundred thousands digit of 775179?
7
What is the thousands digit of 13267683?
7
What is the hundreds digit of 2722070?
0
What is the units digit of 409371?
1
What is the hundreds digit of 3045127?
1
What is the hundreds digit of 15902589?
5
What is the tens digit of 577264?
6
What is the thousands digit of 269801?
9
What is the hundreds digit of 3321686?
6
What is the hundred thousands digit of 953102?
9
What is the ten thousands digit of 8117829?
1
What is the thousands digit of 1286324?
6
What is the hundreds digit of 1052192?
1
What is the hundreds digit of 3681114?
1
What is the hundred thousands digit of 215946?
2
What is the units digit of 9547497?
7
What is the hundreds digit of 624310?
3
What is the hundred thousands digit of 685441?
6
What is the thousands digit of 41646703?
6
What is the tens digit of 243276?
7
What is the thousands digit of 186110?
6
What is the hundreds digit of 3553379?
3
What is the thousands digit of 89365?
9
What is the thousands digit of 39340?
9
What is the hundreds digit of 255625?
6
What is the tens digit of 166358?
5
What is the thousands digit of 6254302?
4
What is the ten millions digit of 12408202?
1
What is the thousands digit of 12911518?
1
What is the units digit of 653755?
5
What is the hundreds digit of 2087384?
3
What is the thousands digit of 1836190?
6
What is the millions digit of 1553530?
1
What is the thousands digit of 256627?
6
What is the thousands digit of 2867791?
7
What is the ten thousands digit of 546844?
4
What is the hundred thousands digit of 529325?
5
What is the units digit of 9732?
2
What is the millions digit of 2064115?
2
What is the hundreds digit of 18478315?
3
What is the thousands digit of 2216411?
6
What is the units digit of 22729882?
2
What is the hundreds digit of 14500141?
1
What is the hundreds digit of 41551?
5
What is the units digit of 12182?
2
What is the units digit of 7847426?
6
What is the ten millions digit of 18137542?
1
What is the thousands digit of 1263667?
3
What is the tens digit of 159841?
4
What is the ten thousands digit of 73947?
7
What is the hundreds digit of 449960?
9
What is the millions digit of 6421156?
6
What is the millions digit of 1884845?
1
What is the hundred thousands digit of 8156052?
1
What is the units digit of 91621?
1
What is the ten thousands digit of 4125561?
2
What is the millions digit of 1658525?
1
What is the thousands digit of 10573119?
3
What is the thousands digit of 21009?
1
What is the hundreds digit of 130645?
6
What is the thousands digit of 23702?
3
What is the hundreds digit of 153024?
0
What is the units digit of 15562?
2
What is the tens digit of 1087067?
6
What is the thousands digit of 192602?
2
What is the units digit of 45114?
4
What is the hundreds digit of 5152512?
5
What is the millions digit of 10091067?
0
What is the ten thousands digit of 1244119?
4
What is the hundreds digit of 16176290?
2
What is the ten thousands digit of 306842?
0
What is the tens digit of 15335645?
4
What is the ten thousands digit of 30582782?
8
What is the thousands digit of 8674145?
4
What is the hundred thousands digit of 2159654?
1
What is the ten thousands digit of 1952105?
5
What is the ten thousands digit of 124465?
2
What is the ten thousands digit of 135620?
3
What is the tens digit of 10509552?
5
What is the ten thousands digit of 13599?
1
What is the hundred thousands digit of 1228170?
2
What is the units digit of 202796?
6
What is the units digit of 13155908?
8
What is the thousands digit of 736448?
6
What is the hundred thousands digit of 2075566?
0
What is the units digit of 512386?
6
What is the hundreds digit of 234602?
6
What is the thousands digit of 87172?
7
What is the units digit of 4368961?
1
What is the tens digit of 1104688?
8
What is the units digit of 40018?
8
What is the tens digit of 2361280?
8
What is the tens digit of 11241?
4
What is the units digit of 11307165?
5
What is the tens digit of 830847?
4
What is the tens digit of 4351108?
0
What is the hundreds digit of 390547?
5
What is the thousands digit of 301354?
1
What is the thousands digit of 480384?
0
What is the thousands digit of 150836?
0
What is the units digit of 3132889?
9
What is the hundred thousands digit of 133240?
1
What is the thousands digit of 69218?
9
What is the thousands digit of 1093696?
3
What is the tens digit of 5638108?
0
What is the thousands digit of 4837515?
7
What is the units digit of 2540263?
3
What is the ten thousands digit of 46284?
4
What is the tens digit of 1372034?
3
What is the hundred thousands digit of 3107892?
1
What is the hundred thousands digit of 1896096?
8
What is the hundreds digit of 30903208?
2
What is the tens digit of 248279?
7
What is the units digit of 37528059?
9
What is the hundreds digit of 33752988?
9
What is the hundred thousands digit of 1523443?
5
What is the millions digit of 9030615?
9
What is the millions digit of 7573708?
7
What is the hundreds digit of 16839261?
2
What is the tens digit of 89141?
4
What is the units digit of 367427?
7
What is the hundred thousands digit of 1355726?
3
What is the hundreds digit of 47477?
4
What is the tens digit of 2839347?
4
What is the thousands digit of 2121234?
1
What is the thousands digit of 5851941?
1
What is the hundred thousands digit of 187389?
1
What is the thousands digit of 1361991?
1
What is the units digit of 3664947?
7
What is the units digit of 25053?
3
What is the tens digit of 10477927?
2
What is the thousands digit of 14700?
4
What is the units digit of 274698?
8
What is the tens digit of 9964?
6
What is the hundreds digit of 573827?
8
What is the hundred thousands digit of 9427195?
4
What is the tens digit of 25854260?
6
What is the tens digit of 1445801?
0
What is the hundreds digit of 579120?
1
What is the hundreds digit of 27353?
3
What is the millions digit of 11609583?
1
What is the ten thousands digit of 4147648?
4
What is the millions digit of 6151041?
6
What is the units digit of 7856580?
0
What is the hundreds digit of 175943?
9
What is the units digit of 1543639?
9
What is the millions digit of 23257991?
3
What is the hundred thousands digit of 2246713?
2
What is the tens digit of 8282388?
8
What is the thousands digit of 282148?
2
What is the ten thousands digit of 861613?
6
What is the tens digit of 5951587?
8
What is the tens digit of 1799140?
4
What is the ten thousands digit of 8693161?
9
What is the tens digit of 693473?
7
What is the tens digit of 6714397?
9
What is the hundreds digit of 805978?
9
What is the millions digit of 5880329?
5
What is the hundreds digit of 19244168?
1
What is the units digit of 7335036?
6
What is the hundreds digit of 245192?
1
What is the tens digit of 2290518?
1
What is the hundreds digit of 1035485?
4
What is the ten thousands digit of 21598375?
9
What is the hundreds digit of 928964?
9
What is the units digit of 599313?
3
What is the tens digit of 12055?
5
What is the thousands digit of 6712291?
2
What is the units digit of 32026?
6
What is the ten thousands digit of 462452?
6
What is the hundreds digit of 42427?
4
What is the hundred thousands digit of 830610?
8
What is the thousands digit of 11696044?
6
What is the units digit of 51820?
0
What is the millions digit of 1794974?
1
What is the hundreds digit of 18593570?
5
What is the hundred thousands digit of 412975?
4
What is the hundreds digit of 179564?
5
What is the tens digit of 179915?
1
What is the ten thousands digit of 8286113?
8
What is the tens digit of 775066?
6
What is the millions digit of 3195409?
3
What is the thousands digit of 425642?
5
What is the hundred thousands digit of 361471?
3
What is the hundred thousands digit of 834313?
8
What is the hundreds digit of 855617?
6
What is the hundreds digit of 383520?
5
What is the hundred thousands digit of 5594265?
5
What is the hundreds digit of 2977726?
7
What is the hundred thousands digit of 13039461?
0
What is the tens digit of 2022565?
6
What is the thousands digit of 10060617?
0
What is the tens digit of 23499146?
4
What is the units digit of 3424567?
7
What is the thousands digit of 22960